{"id":14,"date":"2026-01-15T09:43:17","date_gmt":"2026-01-15T09:43:17","guid":{"rendered":"https:\/\/gentidellealture.ch\/?page_id=14"},"modified":"2026-01-30T15:01:39","modified_gmt":"2026-01-30T15:01:39","slug":"home","status":"publish","type":"page","link":"https:\/\/gentidellealture.ch\/","title":{"rendered":"HOME"},"content":{"rendered":"\t\t<div data-elementor-type=\"wp-page\" data-elementor-id=\"14\" class=\"elementor elementor-14\">\n\t\t\t\t<div class=\"elementor-element elementor-element-56b2dbb e-flex e-con-boxed e-con e-parent\" data-id=\"56b2dbb\" data-element_type=\"container\" data-settings=\"{&quot;background_background&quot;:&quot;classic&quot;}\">\n\t\t\t\t\t<div class=\"e-con-inner\">\n\t\t\t\t<div class=\"elementor-element elementor-element-661804f elementor-widget elementor-widget-heading\" data-id=\"661804f\" data-element_type=\"widget\" data-widget_type=\"heading.default\">\n\t\t\t\t\t<h1 class=\"elementor-heading-title elementor-size-default\">Italienische Spitzenprodukte f\u00fcr die Schweizer Gastronomie<\/h1>\t\t\t\t<\/div>\n\t\t\t\t<div class=\"elementor-element elementor-element-02f02b3 elementor-widget elementor-widget-heading\" data-id=\"02f02b3\" data-element_type=\"widget\" data-widget_type=\"heading.default\">\n\t\t\t\t\t<h4 class=\"elementor-heading-title elementor-size-default\">Authentizit\u00e4t, Qualit\u00e4t und Logistik \u2014 Ihr zuverl\u00e4ssiger Partner f\u00fcr Made in Italy in der Schweiz.<\/h4>\t\t\t\t<\/div>\n\t\t<div class=\"elementor-element elementor-element-6a60849 e-grid e-con-full e-con e-child\" data-id=\"6a60849\" data-element_type=\"container\">\n\t\t\t\t<div class=\"elementor-element elementor-element-9a63ea5 elementor-align-justify elementor-widget__width-auto elementor-widget elementor-widget-button\" data-id=\"9a63ea5\" data-element_type=\"widget\" data-widget_type=\"button.default\">\n\t\t\t\t\t\t\t\t\t\t<a class=\"elementor-button elementor-button-link elementor-size-sm\" href=\"https:\/\/gentidellealture.ch\/wp-content\/uploads\/2026\/01\/gda-2025-catalogo-alimentari-web.pdf\">\n\t\t\t\t\t\t<span class=\"elementor-button-content-wrapper\">\n\t\t\t\t\t\t\t\t\t<span class=\"elementor-button-text\">Katalog herunterladen<\/span>\n\t\t\t\t\t<\/span>\n\t\t\t\t\t<\/a>\n\t\t\t\t\t\t\t\t<\/div>\n\t\t\t\t<\/div>\n\t\t\t\t\t<\/div>\n\t\t\t\t<\/div>\n\t\t<div class=\"elementor-element elementor-element-6561033 e-flex e-con-boxed e-con e-parent\" data-id=\"6561033\" data-element_type=\"container\">\n\t\t\t\t\t<div class=\"e-con-inner\">\n\t\t<div class=\"elementor-element elementor-element-0777e29 e-con-full e-flex e-con e-child\" data-id=\"0777e29\" data-element_type=\"container\">\n\t\t<div class=\"elementor-element elementor-element-6607e6b e-con-full e-flex e-con e-child\" data-id=\"6607e6b\" data-element_type=\"container\">\n\t\t\t\t<div class=\"elementor-element elementor-element-4a98600 elementor-widget elementor-widget-heading\" data-id=\"4a98600\" data-element_type=\"widget\" data-widget_type=\"heading.default\">\n\t\t\t\t\t<h1 class=\"elementor-heading-title elementor-size-default\">Unser Wert \u2013 Ihre Garantie f\u00fcr Authentizit\u00e4t<\/h1>\t\t\t\t<\/div>\n\t\t\t\t<div class=\"elementor-element elementor-element-5fc6a11 elementor-widget elementor-widget-heading\" data-id=\"5fc6a11\" data-element_type=\"widget\" data-widget_type=\"heading.default\">\n\t\t\t\t\t<p class=\"elementor-heading-title elementor-size-default\">Wir bringen ausgew\u00e4hlte italienische Qualit\u00e4tsprodukte direkt in die Schweiz. Mit Kontrolle in jeder Phase der Lieferkette garantieren wir Transparenz, Authentizit\u00e4t und Verl\u00e4sslichkeit.<\/p>\t\t\t\t<\/div>\n\t\t\t\t<div class=\"elementor-element elementor-element-7d1acf9 elementor-widget elementor-widget-button\" data-id=\"7d1acf9\" data-element_type=\"widget\" data-widget_type=\"button.default\">\n\t\t\t\t\t\t\t\t\t\t<a class=\"elementor-button elementor-button-link elementor-size-sm\" href=\"\/index.php\/chi-siamo\">\n\t\t\t\t\t\t<span class=\"elementor-button-content-wrapper\">\n\t\t\t\t\t\t\t\t\t<span class=\"elementor-button-text\">Unsere Geschichte entdecken<\/span>\n\t\t\t\t\t<\/span>\n\t\t\t\t\t<\/a>\n\t\t\t\t\t\t\t\t<\/div>\n\t\t\t\t<\/div>\n\t\t\t\t<\/div>\n\t\t<div class=\"elementor-element elementor-element-d941777 e-con-full e-flex e-con e-child\" data-id=\"d941777\" data-element_type=\"container\">\n\t\t\t\t<div class=\"elementor-element elementor-element-1ea2daf elementor-widget elementor-widget-image\" data-id=\"1ea2daf\" data-element_type=\"widget\" data-widget_type=\"image.default\">\n\t\t\t\t\t\t\t\t\t\t\t\t\t\t\t<img fetchpriority=\"high\" decoding=\"async\" width=\"1024\" height=\"559\" src=\"https:\/\/gentidellealture.ch\/wp-content\/uploads\/2026\/01\/af9bdfe2e79a977da45226c089c8a4872a9874b4-1-1024x559.png\" class=\"attachment-large size-large wp-image-18\" alt=\"\" srcset=\"https:\/\/gentidellealture.ch\/wp-content\/uploads\/2026\/01\/af9bdfe2e79a977da45226c089c8a4872a9874b4-1-1024x559.png 1024w, https:\/\/gentidellealture.ch\/wp-content\/uploads\/2026\/01\/af9bdfe2e79a977da45226c089c8a4872a9874b4-1-300x164.png 300w, https:\/\/gentidellealture.ch\/wp-content\/uploads\/2026\/01\/af9bdfe2e79a977da45226c089c8a4872a9874b4-1-768x419.png 768w, https:\/\/gentidellealture.ch\/wp-content\/uploads\/2026\/01\/af9bdfe2e79a977da45226c089c8a4872a9874b4-1.png 1408w\" sizes=\"(max-width: 1024px) 100vw, 1024px\" \/>\t\t\t\t\t\t\t\t\t\t\t\t\t\t\t<\/div>\n\t\t\t\t<\/div>\n\t\t\t\t\t<\/div>\n\t\t\t\t<\/div>\n\t\t<div class=\"elementor-element elementor-element-c53855c e-flex e-con-boxed e-con e-parent\" data-id=\"c53855c\" data-element_type=\"container\" data-settings=\"{&quot;background_background&quot;:&quot;classic&quot;}\">\n\t\t\t\t\t<div class=\"e-con-inner\">\n\t\t<div class=\"elementor-element elementor-element-ef85a6a e-con-full e-flex e-con e-child\" data-id=\"ef85a6a\" data-element_type=\"container\">\n\t\t<div class=\"elementor-element elementor-element-b60f7f6 e-con-full e-flex e-con e-child\" data-id=\"b60f7f6\" data-element_type=\"container\">\n\t\t\t\t<div class=\"elementor-element elementor-element-830d3fe elementor-widget elementor-widget-heading\" data-id=\"830d3fe\" data-element_type=\"widget\" data-widget_type=\"heading.default\">\n\t\t\t\t\t<h1 class=\"elementor-heading-title elementor-size-default\">Unser Engagement f\u00fcr italienische Qualit\u00e4t<\/h1>\t\t\t\t<\/div>\n\t\t\t\t<div class=\"elementor-element elementor-element-73e88e0 elementor-widget elementor-widget-heading\" data-id=\"73e88e0\" data-element_type=\"widget\" data-widget_type=\"heading.default\">\n\t\t\t\t\t<p class=\"elementor-heading-title elementor-size-default\">Jedes Produkt wird sorgf\u00e4ltig ausgew\u00e4hlt, kontrolliert und f\u00fcr den Schweizer Markt optimiert. Unser Team garantiert Qualit\u00e4t, Sicherheit und Professionalit\u00e4t in jeder Phase.<\/p>\t\t\t\t<\/div>\n\t\t\t\t<div class=\"elementor-element elementor-element-6c915f2 elementor-widget elementor-widget-button\" data-id=\"6c915f2\" data-element_type=\"widget\" data-widget_type=\"button.default\">\n\t\t\t\t\t\t\t\t\t\t<a class=\"elementor-button elementor-button-link elementor-size-sm\" href=\"\/index.php\/chi-siamo\">\n\t\t\t\t\t\t<span class=\"elementor-button-content-wrapper\">\n\t\t\t\t\t\t\t\t\t<span class=\"elementor-button-text\">\u00dcber uns<\/span>\n\t\t\t\t\t<\/span>\n\t\t\t\t\t<\/a>\n\t\t\t\t\t\t\t\t<\/div>\n\t\t\t\t<\/div>\n\t\t\t\t<\/div>\n\t\t<div class=\"elementor-element elementor-element-49c73ac e-con-full e-flex e-con e-child\" data-id=\"49c73ac\" data-element_type=\"container\">\n\t\t\t\t<\/div>\n\t\t\t\t\t<\/div>\n\t\t\t\t<\/div>\n\t\t<div class=\"elementor-element elementor-element-0c2893b e-flex e-con-boxed e-con e-parent\" data-id=\"0c2893b\" data-element_type=\"container\">\n\t\t\t\t\t<div class=\"e-con-inner\">\n\t\t<div class=\"elementor-element elementor-element-26e6973 e-con-full e-flex e-con e-child\" data-id=\"26e6973\" data-element_type=\"container\">\n\t\t<div class=\"elementor-element elementor-element-5691ff8 e-con-full e-flex e-con e-child\" data-id=\"5691ff8\" data-element_type=\"container\">\n\t\t\t\t<div class=\"elementor-element elementor-element-d158493 elementor-widget elementor-widget-heading\" data-id=\"d158493\" data-element_type=\"widget\" data-widget_type=\"heading.default\">\n\t\t\t\t\t<h1 class=\"elementor-heading-title elementor-size-default\">Starke Pr\u00e4senz in der ganzen Schweiz<\/h1>\t\t\t\t<\/div>\n\t\t\t\t<div class=\"elementor-element elementor-element-5e5cb66 elementor-widget elementor-widget-heading\" data-id=\"5e5cb66\" data-element_type=\"widget\" data-widget_type=\"heading.default\">\n\t\t\t\t\t<h3 class=\"elementor-heading-title elementor-size-default\">Mit Standorten in Z\u00fcrich und Orbe sind wir strukturiert, um Gastronomie, Einzelhandel und Unternehmen im ganzen Land effizient zu beliefern.<\/h3>\t\t\t\t<\/div>\n\t\t\t\t<div class=\"elementor-element elementor-element-e1fb4f9 elementor-widget elementor-widget-button\" data-id=\"e1fb4f9\" data-element_type=\"widget\" data-widget_type=\"button.default\">\n\t\t\t\t\t\t\t\t\t\t<a class=\"elementor-button elementor-button-link elementor-size-sm\" href=\"\/index.php\/contatti\">\n\t\t\t\t\t\t<span class=\"elementor-button-content-wrapper\">\n\t\t\t\t\t\t\t\t\t<span class=\"elementor-button-text\">kontaktieren Sie uns<\/span>\n\t\t\t\t\t<\/span>\n\t\t\t\t\t<\/a>\n\t\t\t\t\t\t\t\t<\/div>\n\t\t\t\t<\/div>\n\t\t\t\t<\/div>\n\t\t<div class=\"elementor-element elementor-element-65491c9 e-con-full e-flex e-con e-child\" data-id=\"65491c9\" data-element_type=\"container\">\n\t\t\t\t<div class=\"elementor-element elementor-element-8faf18c elementor-widget elementor-widget-image\" data-id=\"8faf18c\" data-element_type=\"widget\" data-widget_type=\"image.default\">\n\t\t\t\t\t\t\t\t\t\t\t\t\t\t\t<img decoding=\"async\" width=\"1024\" height=\"657\" src=\"https:\/\/gentidellealture.ch\/wp-content\/uploads\/2026\/01\/d07a4dcc5ebe819a7af62c4ad8f85d3546447626-1024x657.png\" class=\"attachment-large size-large wp-image-23\" alt=\"\" srcset=\"https:\/\/gentidellealture.ch\/wp-content\/uploads\/2026\/01\/d07a4dcc5ebe819a7af62c4ad8f85d3546447626-1024x657.png 1024w, https:\/\/gentidellealture.ch\/wp-content\/uploads\/2026\/01\/d07a4dcc5ebe819a7af62c4ad8f85d3546447626-300x193.png 300w, https:\/\/gentidellealture.ch\/wp-content\/uploads\/2026\/01\/d07a4dcc5ebe819a7af62c4ad8f85d3546447626-768x493.png 768w, https:\/\/gentidellealture.ch\/wp-content\/uploads\/2026\/01\/d07a4dcc5ebe819a7af62c4ad8f85d3546447626-1536x986.png 1536w, https:\/\/gentidellealture.ch\/wp-content\/uploads\/2026\/01\/d07a4dcc5ebe819a7af62c4ad8f85d3546447626-2048x1315.png 2048w\" sizes=\"(max-width: 1024px) 100vw, 1024px\" \/>\t\t\t\t\t\t\t\t\t\t\t\t\t\t\t<\/div>\n\t\t\t\t<\/div>\n\t\t\t\t\t<\/div>\n\t\t\t\t<\/div>\n\t\t<div class=\"elementor-element elementor-element-6cf1828 e-flex e-con-boxed e-con e-parent\" data-id=\"6cf1828\" data-element_type=\"container\">\n\t\t\t\t\t<div class=\"e-con-inner\">\n\t\t\t\t<div class=\"elementor-element elementor-element-b21be7b elementor-widget elementor-widget-heading\" data-id=\"b21be7b\" data-element_type=\"widget\" data-widget_type=\"heading.default\">\n\t\t\t\t\t<h1 class=\"elementor-heading-title elementor-size-default\">Kontaktformular<\/h1>\t\t\t\t<\/div>\n\t\t\t\t<div class=\"elementor-element elementor-element-48b9ac5 elementor-widget elementor-widget-heading\" data-id=\"48b9ac5\" data-element_type=\"widget\" data-widget_type=\"heading.default\">\n\t\t\t\t\t<h3 class=\"elementor-heading-title elementor-size-default\">Wir antworten Ihnen so schnell wie m\u00f6glich.<\/h3>\t\t\t\t<\/div>\n\t\t\t\t\t<\/div>\n\t\t\t\t<\/div>\n\t\t<div class=\"elementor-element elementor-element-9990063 e-flex e-con-boxed e-con e-parent\" data-id=\"9990063\" data-element_type=\"container\">\n\t\t\t\t\t<div class=\"e-con-inner\">\n\t\t\t\t<div class=\"elementor-element elementor-element-3ab9866 elementor-widget elementor-widget-shortcode\" data-id=\"3ab9866\" data-element_type=\"widget\" data-widget_type=\"shortcode.default\">\n\t\t\t\t\t\t\t<div class=\"elementor-shortcode\">\n<div class=\"wpcf7 no-js\" id=\"wpcf7-f125-o1\" lang=\"it-IT\" dir=\"ltr\" data-wpcf7-id=\"125\">\n<div class=\"screen-reader-response\"><p role=\"status\" aria-live=\"polite\" aria-atomic=\"true\"><\/p> <ul><\/ul><\/div>\n<form action=\"\/index.php\/wp-json\/wp\/v2\/pages\/14#wpcf7-f125-o1\" method=\"post\" class=\"wpcf7-form init\" aria-label=\"Modulo di contatto\" novalidate=\"novalidate\" data-status=\"init\">\n<fieldset class=\"hidden-fields-container\"><input type=\"hidden\" name=\"_wpcf7\" value=\"125\" \/><input type=\"hidden\" name=\"_wpcf7_version\" value=\"6.1.4\" \/><input type=\"hidden\" name=\"_wpcf7_locale\" value=\"it_IT\" \/><input type=\"hidden\" name=\"_wpcf7_unit_tag\" value=\"wpcf7-f125-o1\" \/><input type=\"hidden\" name=\"_wpcf7_container_post\" value=\"0\" \/><input type=\"hidden\" name=\"_wpcf7_posted_data_hash\" value=\"\" \/>\n<\/fieldset>\n<style>\n\/* Wrapper *\/\n.cf7-grid{\n width:100% !important;\n}\n\n\/* Spaziatura righe *\/\n.cf7-row{\n margin-bottom:22px !important;\n}\n\n\/* 2 colonne come nello screenshot *\/\n.cf7-row-2{\n display:flex !important;\n gap:26px !important;\n}\n.cf7-col{\n flex:1 !important;\n}\n\n\/* Input pill *\/\n.cf7-input,\n.cf7-textarea{\n width:100% !important;\n box-sizing:border-box;\n border:2px solid rgba(0,0,0,.45) !important;\n outline:none !important;\n font-size:15px !important;\n letter-spacing:.12em !important;\n text-transform:uppercase !important;\n color:#000!important;\n background:transparent !important;\n}\n\n\/* Altezza e pill shape *\/\n.cf7-pill{\n height:56px !important;\n border-radius:999px !important;\n padding:0 26px !important;\n}\n\n\/* Textarea grande con bordi arrotondati *\/\n.cf7-box{\n border-radius:34px !important;\n padding:22px 26px !important;\n min-height:220px !important;\n resize:vertical !important;\n}\n\n\/* Placeholder stile (simile allo screenshot) *\/\n.cf7-input::placeholder,\n.cf7-textarea::placeholder{\n color:rgba(0,0,0,.55) !important;\n text-transform:uppercase !important;\n letter-spacing:.14em !important;\n}\n\n\/* Focus *\/\n.cf7-input:focus,\n.cf7-textarea:focus{\n border-color:#C6A76E !important;\n box-shadow:0 0 0 3px rgba(198,167,110,.25) !important;\n}\n\n\/* Checkbox area *\/\n.cf7-checks{\n margin-top:6px !important;\n}\n.cf7-check{\n display:block !important;\n margin:14px 0 !important;\n font-size:15px !important;\n line-height:1.35 !important;\n color:rgba(0,0,0,.85) !important;\n}\n\n\/* Allinea checkbox e testo *\/\n.cf7-check input[type=\"checkbox\"]{\n width:18px !important;\n height:18px !important;\n margin-right:10px !important;\n vertical-align:middle !important;\n accent-color:#0B1B2E !important;\n}\n\n\/* Bottone gold *\/\n.cf7-submit{\n width:100% !important;\n height:74px !important;\n border:0 !important;\n border-radius:999px !important;\n background:#0B1B2E !important;\n color:#fff!important;\n font-weight:700 !important;\n letter-spacing:.08em !important;\n text-transform:uppercase !important;\n cursor:pointer !important;\n display:inline-flex !important;\n align-items:center !important;\n justify-content:center !important;\n gap:12px !important;\n}\n\n\/* Hover *\/\n.cf7-submit:hover{\n filter:brightness(0.97) !important;\n}\n\n\/* Responsive: su mobile va a colonna singola *\/\n@media (max-width: 820px){\n .cf7-row-2{\n flex-direction:column !important;\n gap:18px !important;\n }\n}\n\n.wpcf7-form-control .wpcf7-submit has-spinner .cf7-submit {\n color: white !important;\n}\n<\/style>\n<div class=\"cf7-grid\">\n\t<div class=\"cf7-row cf7-row-2\">\n\t\t<div class=\"cf7-col\">\n\t\t\t<p><span class=\"wpcf7-form-control-wrap\" data-name=\"your-name\"><input size=\"40\" maxlength=\"400\" class=\"wpcf7-form-control wpcf7-text wpcf7-validates-as-required cf7-input cf7-pill\" autocomplete=\"name\" aria-required=\"true\" aria-invalid=\"false\" placeholder=\"Vorname\" value=\"\" type=\"text\" name=\"your-name\" \/><\/span>\n\t\t\t<\/p>\n\t\t<\/div>\n\t\t<div class=\"cf7-col\">\n\t\t\t<p><span class=\"wpcf7-form-control-wrap\" data-name=\"your-surname\"><input size=\"40\" maxlength=\"400\" class=\"wpcf7-form-control wpcf7-text wpcf7-validates-as-required cf7-input cf7-pill\" aria-required=\"true\" aria-invalid=\"false\" placeholder=\"Nachname\" value=\"\" type=\"text\" name=\"your-surname\" \/><\/span>\n\t\t\t<\/p>\n\t\t<\/div>\n\t<\/div>\n\t<div class=\"cf7-row cf7-row-2\">\n\t\t<div class=\"cf7-col\">\n\t\t\t<p><span class=\"wpcf7-form-control-wrap\" data-name=\"your-phone\"><input size=\"40\" maxlength=\"400\" class=\"wpcf7-form-control wpcf7-tel wpcf7-validates-as-required wpcf7-text wpcf7-validates-as-tel cf7-input cf7-pill\" autocomplete=\"tel\" aria-required=\"true\" aria-invalid=\"false\" placeholder=\"Telefon\" value=\"\" type=\"tel\" name=\"your-phone\" \/><\/span>\n\t\t\t<\/p>\n\t\t<\/div>\n\t\t<div class=\"cf7-col\">\n\t\t\t<p><span class=\"wpcf7-form-control-wrap\" data-name=\"your-email\"><input size=\"40\" maxlength=\"400\" class=\"wpcf7-form-control wpcf7-email wpcf7-validates-as-required wpcf7-text wpcf7-validates-as-email cf7-input cf7-pill\" autocomplete=\"email\" aria-required=\"true\" aria-invalid=\"false\" placeholder=\"EMAIL\" value=\"\" type=\"email\" name=\"your-email\" \/><\/span>\n\t\t\t<\/p>\n\t\t<\/div>\n\t<\/div>\n\t<div class=\"cf7-row\">\n\t\t<p><span class=\"wpcf7-form-control-wrap\" data-name=\"your-subject\"><input size=\"40\" maxlength=\"400\" class=\"wpcf7-form-control wpcf7-text wpcf7-validates-as-required cf7-input cf7-pill\" aria-required=\"true\" aria-invalid=\"false\" placeholder=\"Betreff\" value=\"\" type=\"text\" name=\"your-subject\" \/><\/span>\n\t\t<\/p>\n\t<\/div>\n\t<div class=\"cf7-row\">\n\t\t<p><span class=\"wpcf7-form-control-wrap\" data-name=\"your-message\"><textarea cols=\"40\" rows=\"10\" maxlength=\"2000\" class=\"wpcf7-form-control wpcf7-textarea cf7-textarea cf7-box\" aria-invalid=\"false\" placeholder=\"Nachricht\" name=\"your-message\"><\/textarea><\/span>\n\t\t<\/p>\n\t<\/div>\n\t<div class=\"cf7-row cf7-checks\">\n\t\t<p><span class=\"cf7-check\"><br \/>\n<span class=\"wpcf7-form-control-wrap\" data-name=\"catalog-pdf\"><span class=\"wpcf7-form-control wpcf7-checkbox cf7-checkbox\"><span class=\"wpcf7-list-item first last\"><label><input type=\"checkbox\" name=\"catalog-pdf[]\" value=\"Ich m\u00f6chte den PDF-Katalog erhalten\" \/><span class=\"wpcf7-list-item-label\">Ich m\u00f6chte den PDF-Katalog erhalten<\/span><\/label><\/span><\/span><\/span><br \/>\n<\/span>\n\t\t<\/p>\n\t\t<p><span class=\"cf7-check\"><br \/>\n<span class=\"wpcf7-form-control-wrap\" data-name=\"privacy-consent\"><span class=\"wpcf7-form-control wpcf7-acceptance\"><span class=\"wpcf7-list-item\"><label><input type=\"checkbox\" name=\"privacy-consent\" value=\"1\" class=\"cf7-acceptance\" aria-invalid=\"false\" \/><span class=\"wpcf7-list-item-label\">Ich willige in die Verarbeitung meiner personenbezogenen Daten gem\u00e4\u00df Art. 13-14 DSGVO ein. Information gem\u00e4\u00df Art. 10 des Gesetzes Nr. 196\/2003. Ich best\u00e4tige, dass ich die Datenschutzerkl\u00e4rung gelesen und zur Kenntnis genommen habe.<\/span><\/label><\/span><\/span><\/span><br \/>\n<\/span>\n\t\t<\/p>\n\t<\/div>\n\t<div class=\"cf7-row\" style=\"color:white !important;\">\n\t\t<p><input class=\"wpcf7-form-control wpcf7-submit has-spinner cf7-submit\" type=\"submit\" value=\"Absenden  \u2192\" \/>\n\t\t<\/p>\n\t<\/div>\n<\/div><div class=\"wpcf7-response-output\" aria-hidden=\"true\"><\/div>\n<\/form>\n<\/div>\n<\/div>\n\t\t\t\t\t\t<\/div>\n\t\t\t\t\t<\/div>\n\t\t\t\t<\/div>\n\t\t\t\t<\/div>\n\t\t","protected":false},"excerpt":{"rendered":"<p>Italienische Spitzenprodukte f\u00fcr die Schweizer Gastronomie Authentizit\u00e4t, Qualit\u00e4t und Logistik \u2014 Ihr zuverl\u00e4ssiger Partner f\u00fcr Made in Italy in der [&hellip;]<\/p>\n","protected":false},"author":1,"featured_media":0,"parent":0,"menu_order":0,"comment_status":"closed","ping_status":"closed","template":"","meta":{"site-sidebar-layout":"no-sidebar","site-content-layout":"","ast-site-content-layout":"full-width-container","site-content-style":"default","site-sidebar-style":"default","ast-global-header-display":"","ast-banner-title-visibility":"","ast-main-header-display":"","ast-hfb-above-header-display":"","ast-hfb-below-header-display":"","ast-hfb-mobile-header-display":"","site-post-title":"disabled","ast-breadcrumbs-content":"","ast-featured-img":"disabled","footer-sml-layout":"","ast-disable-related-posts":"","theme-transparent-header-meta":"","adv-header-id-meta":"","stick-header-meta":"","header-above-stick-meta":"","header-main-stick-meta":"","header-below-stick-meta":"","astra-migrate-meta-layouts":"default","ast-page-background-enabled":"default","ast-page-background-meta":{"desktop":{"background-color":"var(--ast-global-color-5)","background-image":"","background-repeat":"repeat","background-position":"center center","background-size":"auto","background-attachment":"scroll","background-type":"","background-media":"","overlay-type":"","overlay-color":"","overlay-opacity":"","overlay-gradient":""},"tablet":{"background-color":"","background-image":"","background-repeat":"repeat","background-position":"center center","background-size":"auto","background-attachment":"scroll","background-type":"","background-media":"","overlay-type":"","overlay-color":"","overlay-opacity":"","overlay-gradient":""},"mobile":{"background-color":"","background-image":"","background-repeat":"repeat","background-position":"center center","background-size":"auto","background-attachment":"scroll","background-type":"","background-media":"","overlay-type":"","overlay-color":"","overlay-opacity":"","overlay-gradient":""}},"ast-content-background-meta":{"desktop":{"background-color":"var(--ast-global-color-4)","background-image":"","background-repeat":"repeat","background-position":"center center","background-size":"auto","background-attachment":"scroll","background-type":"","background-media":"","overlay-type":"","overlay-color":"","overlay-opacity":"","overlay-gradient":""},"tablet":{"background-color":"var(--ast-global-color-4)","background-image":"","background-repeat":"repeat","background-position":"center center","background-size":"auto","background-attachment":"scroll","background-type":"","background-media":"","overlay-type":"","overlay-color":"","overlay-opacity":"","overlay-gradient":""},"mobile":{"background-color":"var(--ast-global-color-4)","background-image":"","background-repeat":"repeat","background-position":"center center","background-size":"auto","background-attachment":"scroll","background-type":"","background-media":"","overlay-type":"","overlay-color":"","overlay-opacity":"","overlay-gradient":""}},"footnotes":""},"class_list":["post-14","page","type-page","status-publish","hentry"],"_links":{"self":[{"href":"https:\/\/gentidellealture.ch\/index.php\/wp-json\/wp\/v2\/pages\/14","targetHints":{"allow":["GET"]}}],"collection":[{"href":"https:\/\/gentidellealture.ch\/index.php\/wp-json\/wp\/v2\/pages"}],"about":[{"href":"https:\/\/gentidellealture.ch\/index.php\/wp-json\/wp\/v2\/types\/page"}],"author":[{"embeddable":true,"href":"https:\/\/gentidellealture.ch\/index.php\/wp-json\/wp\/v2\/users\/1"}],"replies":[{"embeddable":true,"href":"https:\/\/gentidellealture.ch\/index.php\/wp-json\/wp\/v2\/comments?post=14"}],"version-history":[{"count":31,"href":"https:\/\/gentidellealture.ch\/index.php\/wp-json\/wp\/v2\/pages\/14\/revisions"}],"predecessor-version":[{"id":244,"href":"https:\/\/gentidellealture.ch\/index.php\/wp-json\/wp\/v2\/pages\/14\/revisions\/244"}],"wp:attachment":[{"href":"https:\/\/gentidellealture.ch\/index.php\/wp-json\/wp\/v2\/media?parent=14"}],"curies":[{"name":"wp","href":"https:\/\/api.w.org\/{rel}","templated":true}]}}